
{"id":95,"date":"2021-04-10T11:17:34","date_gmt":"2021-04-10T11:17:34","guid":{"rendered":"https:\/\/traildog-pet.com\/?post_type=product&#038;p=95"},"modified":"2024-12-19T10:31:42","modified_gmt":"2024-12-19T10:31:42","slug":"correa-grip-on-20-mm-2020","status":"publish","type":"product","link":"https:\/\/traildog-pet.com\/?product=correa-grip-on-20-mm-2020","title":{"rendered":"Correa Grip On"},"content":{"rendered":"<p>La\u00a0correa Grip On 2020 es la nueva versi\u00f3n de las correa engomadas Grip On, de las temporadas anteriores.<\/p>\n<p>Se a desarrollado una nueva cinta engomada, dise\u00f1o patentado de TRAILDOG, es \u00fanica en el mercado.<\/p>\n<p>Muy ligera y muy resistente, gracias al nuevo dise\u00f1o del material de la correa.<\/p>\n<p>Su grip engomado se ha mejorado, este se pega a tu mano, no se patina, y es muy duradero.<\/p>\n<p>Los mosquetones son de Aleaci\u00f3n de aluminio, ya probado en nuestros productos,\u00a0 son excepcionales, mucho mas resistente que un mosquet\u00f3n de fundici\u00f3n, ademas est\u00e1n disponible con la versi\u00f3n de mosquet\u00f3n de cierre simple (el pestillo no se gira, y no traba el mosquet\u00f3n) en correas de 1, 1.20 y 2 metros, y cierren autom\u00e1tico (este si, el pestillo del mosquet\u00f3n se gira de forma autom\u00e1tica y el mosquet\u00f3n queda trabado) para las correas de 3, 5, 10, y 15 metros. Sin duda, son un plus de calidad en nuestras correas.<\/p>\n","protected":false},"excerpt":{"rendered":"<p>Correa Grip On, de nylon engomado<\/p>\n<p>Color negro y 2 l\u00edneas grises<\/p>\n<p>Mosquet\u00f3n super liviano de aleaci\u00f3n de aluminio, y muy resistente<\/p>\n<p>Largos de 1 metro hasta 15 metros<\/p>\n<p>Disponible con asa o sin asa<\/p>\n","protected":false},"featured_media":128,"template":"","meta":{"neve_meta_sidebar":"","neve_meta_container":"","neve_meta_enable_content_width":"off","neve_meta_content_width":100,"neve_meta_title_alignment":"","neve_meta_author_avatar":"","neve_post_elements_order":"","neve_meta_disable_header":"","neve_meta_disable_footer":"","neve_meta_disable_title":""},"product_brand":[],"product_cat":[34,130,118],"product_tag":[],"class_list":{"0":"post-95","1":"product","2":"type-product","3":"status-publish","4":"has-post-thumbnail","6":"product_cat-correas","7":"product_cat-entreno","8":"product_cat-flat","10":"first","11":"instock","12":"taxable","13":"shipping-taxable","14":"purchasable","15":"product-type-variable"},"yoast_head":"<!-- This site is optimized with the Yoast SEO plugin v27.4 - https:\/\/yoast.com\/product\/yoast-seo-wordpress\/ -->\n<title>Correa Grip On - Traildog<\/title>\n<meta name=\"robots\" content=\"index, follow, max-snippet:-1, max-image-preview:large, max-video-preview:-1\" \/>\n<link rel=\"canonical\" href=\"https:\/\/traildog-pet.com\/?product=correa-grip-on-20-mm-2020\" \/>\n<meta property=\"og:locale\" content=\"es_ES\" \/>\n<meta property=\"og:type\" content=\"article\" \/>\n<meta property=\"og:title\" content=\"Correa Grip On - Traildog\" \/>\n<meta property=\"og:description\" content=\"Correa Grip On, de nylon engomado  Color negro y 2 l\u00edneas grises  Mosquet\u00f3n super liviano de aleaci\u00f3n de aluminio, y muy resistente  Largos de 1 metro hasta 15 metros  Disponible con asa o sin asa\" \/>\n<meta property=\"og:url\" content=\"https:\/\/traildog-pet.com\/?product=correa-grip-on-20-mm-2020\" \/>\n<meta property=\"og:site_name\" content=\"Traildog\" \/>\n<meta property=\"article:publisher\" content=\"https:\/\/www.facebook.com\/traildogpet\" \/>\n<meta property=\"article:modified_time\" content=\"2024-12-19T10:31:42+00:00\" \/>\n<meta property=\"og:image\" content=\"https:\/\/traildog-pet.com\/wp-content\/uploads\/2021\/04\/correa-grip-on-2020-20-mm-1.jpg\" \/>\n\t<meta property=\"og:image:width\" content=\"600\" \/>\n\t<meta property=\"og:image:height\" content=\"600\" \/>\n\t<meta property=\"og:image:type\" content=\"image\/jpeg\" \/>\n<meta name=\"twitter:card\" content=\"summary_large_image\" \/>\n<meta name=\"twitter:label1\" content=\"Tiempo de lectura\" \/>\n\t<meta name=\"twitter:data1\" content=\"1 minuto\" \/>\n<script type=\"application\/ld+json\" class=\"yoast-schema-graph\">{\"@context\":\"https:\\\/\\\/schema.org\",\"@graph\":[{\"@type\":\"WebPage\",\"@id\":\"https:\\\/\\\/traildog-pet.com\\\/?product=correa-grip-on-20-mm-2020\",\"url\":\"https:\\\/\\\/traildog-pet.com\\\/?product=correa-grip-on-20-mm-2020\",\"name\":\"Correa Grip On - Traildog\",\"isPartOf\":{\"@id\":\"https:\\\/\\\/traildog-pet.com\\\/#website\"},\"primaryImageOfPage\":{\"@id\":\"https:\\\/\\\/traildog-pet.com\\\/?product=correa-grip-on-20-mm-2020#primaryimage\"},\"image\":{\"@id\":\"https:\\\/\\\/traildog-pet.com\\\/?product=correa-grip-on-20-mm-2020#primaryimage\"},\"thumbnailUrl\":\"https:\\\/\\\/traildog-pet.com\\\/wp-content\\\/uploads\\\/2021\\\/04\\\/correa-grip-on-2020-20-mm-1.jpg\",\"datePublished\":\"2021-04-10T11:17:34+00:00\",\"dateModified\":\"2024-12-19T10:31:42+00:00\",\"breadcrumb\":{\"@id\":\"https:\\\/\\\/traildog-pet.com\\\/?product=correa-grip-on-20-mm-2020#breadcrumb\"},\"inLanguage\":\"es\",\"potentialAction\":[{\"@type\":\"ReadAction\",\"target\":[\"https:\\\/\\\/traildog-pet.com\\\/?product=correa-grip-on-20-mm-2020\"]}]},{\"@type\":\"ImageObject\",\"inLanguage\":\"es\",\"@id\":\"https:\\\/\\\/traildog-pet.com\\\/?product=correa-grip-on-20-mm-2020#primaryimage\",\"url\":\"https:\\\/\\\/traildog-pet.com\\\/wp-content\\\/uploads\\\/2021\\\/04\\\/correa-grip-on-2020-20-mm-1.jpg\",\"contentUrl\":\"https:\\\/\\\/traildog-pet.com\\\/wp-content\\\/uploads\\\/2021\\\/04\\\/correa-grip-on-2020-20-mm-1.jpg\",\"width\":600,\"height\":600},{\"@type\":\"BreadcrumbList\",\"@id\":\"https:\\\/\\\/traildog-pet.com\\\/?product=correa-grip-on-20-mm-2020#breadcrumb\",\"itemListElement\":[{\"@type\":\"ListItem\",\"position\":1,\"name\":\"Portada\",\"item\":\"https:\\\/\\\/traildog-pet.com\\\/\"},{\"@type\":\"ListItem\",\"position\":2,\"name\":\"Tienda\",\"item\":\"https:\\\/\\\/traildog-pet.com\\\/?page_id=6\"},{\"@type\":\"ListItem\",\"position\":3,\"name\":\"Correa Grip On\"}]},{\"@type\":\"WebSite\",\"@id\":\"https:\\\/\\\/traildog-pet.com\\\/#website\",\"url\":\"https:\\\/\\\/traildog-pet.com\\\/\",\"name\":\"Traildog\",\"description\":\"Traildog\",\"publisher\":{\"@id\":\"https:\\\/\\\/traildog-pet.com\\\/#organization\"},\"alternateName\":\"Equipamiento para el sector del mundo canino.\",\"potentialAction\":[{\"@type\":\"SearchAction\",\"target\":{\"@type\":\"EntryPoint\",\"urlTemplate\":\"https:\\\/\\\/traildog-pet.com\\\/?s={search_term_string}\"},\"query-input\":{\"@type\":\"PropertyValueSpecification\",\"valueRequired\":true,\"valueName\":\"search_term_string\"}}],\"inLanguage\":\"es\"},{\"@type\":\"Organization\",\"@id\":\"https:\\\/\\\/traildog-pet.com\\\/#organization\",\"name\":\"Traildog Pet Products\",\"alternateName\":\"Venta de accesorios para las mascotas, esclusivos para profesionales(Tiendas, Adiestradores, Educadores y Clinicas veterinarias.)\",\"url\":\"https:\\\/\\\/traildog-pet.com\\\/\",\"logo\":{\"@type\":\"ImageObject\",\"inLanguage\":\"es\",\"@id\":\"https:\\\/\\\/traildog-pet.com\\\/#\\\/schema\\\/logo\\\/image\\\/\",\"url\":\"https:\\\/\\\/traildog-pet.com\\\/wp-content\\\/uploads\\\/2022\\\/11\\\/TrailDog2.3.jpg\",\"contentUrl\":\"https:\\\/\\\/traildog-pet.com\\\/wp-content\\\/uploads\\\/2022\\\/11\\\/TrailDog2.3.jpg\",\"width\":596,\"height\":113,\"caption\":\"Traildog Pet Products\"},\"image\":{\"@id\":\"https:\\\/\\\/traildog-pet.com\\\/#\\\/schema\\\/logo\\\/image\\\/\"},\"sameAs\":[\"https:\\\/\\\/www.facebook.com\\\/traildogpet\",\"https:\\\/\\\/www.linkedin.com\\\/traildogPetProducts\"]}]}<\/script>\n<!-- \/ Yoast SEO plugin. -->","yoast_head_json":{"title":"Correa Grip On - Traildog","robots":{"index":"index","follow":"follow","max-snippet":"max-snippet:-1","max-image-preview":"max-image-preview:large","max-video-preview":"max-video-preview:-1"},"canonical":"https:\/\/traildog-pet.com\/?product=correa-grip-on-20-mm-2020","og_locale":"es_ES","og_type":"article","og_title":"Correa Grip On - Traildog","og_description":"Correa Grip On, de nylon engomado  Color negro y 2 l\u00edneas grises  Mosquet\u00f3n super liviano de aleaci\u00f3n de aluminio, y muy resistente  Largos de 1 metro hasta 15 metros  Disponible con asa o sin asa","og_url":"https:\/\/traildog-pet.com\/?product=correa-grip-on-20-mm-2020","og_site_name":"Traildog","article_publisher":"https:\/\/www.facebook.com\/traildogpet","article_modified_time":"2024-12-19T10:31:42+00:00","og_image":[{"width":600,"height":600,"url":"https:\/\/traildog-pet.com\/wp-content\/uploads\/2021\/04\/correa-grip-on-2020-20-mm-1.jpg","type":"image\/jpeg"}],"twitter_card":"summary_large_image","twitter_misc":{"Tiempo de lectura":"1 minuto"},"schema":{"@context":"https:\/\/schema.org","@graph":[{"@type":"WebPage","@id":"https:\/\/traildog-pet.com\/?product=correa-grip-on-20-mm-2020","url":"https:\/\/traildog-pet.com\/?product=correa-grip-on-20-mm-2020","name":"Correa Grip On - Traildog","isPartOf":{"@id":"https:\/\/traildog-pet.com\/#website"},"primaryImageOfPage":{"@id":"https:\/\/traildog-pet.com\/?product=correa-grip-on-20-mm-2020#primaryimage"},"image":{"@id":"https:\/\/traildog-pet.com\/?product=correa-grip-on-20-mm-2020#primaryimage"},"thumbnailUrl":"https:\/\/traildog-pet.com\/wp-content\/uploads\/2021\/04\/correa-grip-on-2020-20-mm-1.jpg","datePublished":"2021-04-10T11:17:34+00:00","dateModified":"2024-12-19T10:31:42+00:00","breadcrumb":{"@id":"https:\/\/traildog-pet.com\/?product=correa-grip-on-20-mm-2020#breadcrumb"},"inLanguage":"es","potentialAction":[{"@type":"ReadAction","target":["https:\/\/traildog-pet.com\/?product=correa-grip-on-20-mm-2020"]}]},{"@type":"ImageObject","inLanguage":"es","@id":"https:\/\/traildog-pet.com\/?product=correa-grip-on-20-mm-2020#primaryimage","url":"https:\/\/traildog-pet.com\/wp-content\/uploads\/2021\/04\/correa-grip-on-2020-20-mm-1.jpg","contentUrl":"https:\/\/traildog-pet.com\/wp-content\/uploads\/2021\/04\/correa-grip-on-2020-20-mm-1.jpg","width":600,"height":600},{"@type":"BreadcrumbList","@id":"https:\/\/traildog-pet.com\/?product=correa-grip-on-20-mm-2020#breadcrumb","itemListElement":[{"@type":"ListItem","position":1,"name":"Portada","item":"https:\/\/traildog-pet.com\/"},{"@type":"ListItem","position":2,"name":"Tienda","item":"https:\/\/traildog-pet.com\/?page_id=6"},{"@type":"ListItem","position":3,"name":"Correa Grip On"}]},{"@type":"WebSite","@id":"https:\/\/traildog-pet.com\/#website","url":"https:\/\/traildog-pet.com\/","name":"Traildog","description":"Traildog","publisher":{"@id":"https:\/\/traildog-pet.com\/#organization"},"alternateName":"Equipamiento para el sector del mundo canino.","potentialAction":[{"@type":"SearchAction","target":{"@type":"EntryPoint","urlTemplate":"https:\/\/traildog-pet.com\/?s={search_term_string}"},"query-input":{"@type":"PropertyValueSpecification","valueRequired":true,"valueName":"search_term_string"}}],"inLanguage":"es"},{"@type":"Organization","@id":"https:\/\/traildog-pet.com\/#organization","name":"Traildog Pet Products","alternateName":"Venta de accesorios para las mascotas, esclusivos para profesionales(Tiendas, Adiestradores, Educadores y Clinicas veterinarias.)","url":"https:\/\/traildog-pet.com\/","logo":{"@type":"ImageObject","inLanguage":"es","@id":"https:\/\/traildog-pet.com\/#\/schema\/logo\/image\/","url":"https:\/\/traildog-pet.com\/wp-content\/uploads\/2022\/11\/TrailDog2.3.jpg","contentUrl":"https:\/\/traildog-pet.com\/wp-content\/uploads\/2022\/11\/TrailDog2.3.jpg","width":596,"height":113,"caption":"Traildog Pet Products"},"image":{"@id":"https:\/\/traildog-pet.com\/#\/schema\/logo\/image\/"},"sameAs":["https:\/\/www.facebook.com\/traildogpet","https:\/\/www.linkedin.com\/traildogPetProducts"]}]}},"_links":{"self":[{"href":"https:\/\/traildog-pet.com\/index.php?rest_route=\/wp\/v2\/product\/95","targetHints":{"allow":["GET"]}}],"collection":[{"href":"https:\/\/traildog-pet.com\/index.php?rest_route=\/wp\/v2\/product"}],"about":[{"href":"https:\/\/traildog-pet.com\/index.php?rest_route=\/wp\/v2\/types\/product"}],"wp:featuredmedia":[{"embeddable":true,"href":"https:\/\/traildog-pet.com\/index.php?rest_route=\/wp\/v2\/media\/128"}],"wp:attachment":[{"href":"https:\/\/traildog-pet.com\/index.php?rest_route=%2Fwp%2Fv2%2Fmedia&parent=95"}],"wp:term":[{"taxonomy":"product_brand","embeddable":true,"href":"https:\/\/traildog-pet.com\/index.php?rest_route=%2Fwp%2Fv2%2Fproduct_brand&post=95"},{"taxonomy":"product_cat","embeddable":true,"href":"https:\/\/traildog-pet.com\/index.php?rest_route=%2Fwp%2Fv2%2Fproduct_cat&post=95"},{"taxonomy":"product_tag","embeddable":true,"href":"https:\/\/traildog-pet.com\/index.php?rest_route=%2Fwp%2Fv2%2Fproduct_tag&post=95"}],"curies":[{"name":"wp","href":"https:\/\/api.w.org\/{rel}","templated":true}]}}