
{"id":733,"date":"2021-07-06T14:02:35","date_gmt":"2021-07-06T14:02:35","guid":{"rendered":"https:\/\/traildog-pet.com\/?post_type=product&#038;p=733"},"modified":"2025-12-28T12:33:20","modified_gmt":"2025-12-28T12:33:20","slug":"arnes-sport","status":"publish","type":"product","link":"https:\/\/traildog-pet.com\/?product=arnes-sport","title":{"rendered":"Arnes Sport"},"content":{"rendered":"<p>El arn\u00e9s Sport de TRAILDOG, ha sido desarrollado, para brindarle a vuestras mascotas, un\u00a0 producto con un exelente acabado y m\u00e1xima comodidad,<\/p>\n<p>pero esos no son sus \u00fanicos dotes, ya que su confecci\u00f3n es de m\u00e1ximo nivel, con materiales duraderos y agradables.<\/p>\n<p>Un arn\u00e9s apropiado para la practica de deportes outdoor o paseos por la ciudad, c\u00f3modo, transpirable, ergon\u00f3mico y muy resistente.<\/p>\n<p>Caracter\u00edsticas:<\/p>\n<p>&#8211;\u00a0 En la parte superior cuenta con textil de monta\u00f1a reforzado,<\/p>\n<p>&#8211; Asa para controlar al perro en todo momento<\/p>\n<p>-Aro en forma de D, color negro, para colocar el mosquet\u00f3n de la correa<\/p>\n<p>&#8211; Ribetes reflectante 3M alrededor de los bordes, de gran poder de reflectancia<\/p>\n<p>&#8211; En la parte interna, contiene, tela mesh con material acolchado, que evacua de forma eficiente el sudor del perro, en los meses de calor, y est\u00e1 comprobada su eficacia.<\/p>\n<p>&#8211; En la parte inferior o pechera, cuenta con textil de monta\u00f1a reforzado, del lado exterior.<\/p>\n<p>&#8211; En la parte superior de la pechera, se encuentra las cintas reguladoras del cuello<\/p>\n<p>&#8211; En el medio superior se encuentra el O-ring o aro sujetador frontal de la correa, con sistema \u00abSLIM FIT\u00bb<\/p>\n<p>&#8211; En la parte inferior o trasera de la pechera, se encuentran, las cintas sujetadoras de la parte ventral del animal, con sistema \u00abSLIM FIT\u00bb<\/p>\n<p>&#8211; Todas las correas de ajuste del arn\u00e9s, contienen material reflectante 3M.<\/p>\n<p>&#8211; En la parte interior contiene tela mesh, con acolchado denso, para amortiguar los impacto del pecho.<\/p>\n<p>&nbsp;<\/p>\n<p>Las tallas disponibles<\/p>\n<p><img loading=\"lazy\" decoding=\"async\" src=\"https:\/\/traildog-pet.com\/img\/cms\/Tallas%20Sport%20harness%20Traildog.jpg\" alt=\"\" width=\"318\" height=\"213\" \/>\u00a0 <img loading=\"lazy\" decoding=\"async\" src=\"https:\/\/traildog-pet.com\/img\/cms\/Talla%20Sport%20arnes.jpg\" alt=\"\" width=\"429\" height=\"186\" \/><\/p>\n<table width=\"718\">\n<tbody>\n<tr>\n<td>\n<h3><strong>Talla<\/strong><\/h3>\n<\/td>\n<td>\n<h3><strong>Pecho(cm\/in)<\/strong><\/h3>\n<\/td>\n<td>\n<h3><strong>Peso aproximado<\/strong><\/h3>\n<\/td>\n<td><\/td>\n<\/tr>\n<tr>\n<td><span style=\"color: #000000;\"><strong>S<\/strong><\/span><\/td>\n<td><strong><span style=\"color: #000000;\">33-43cm\/13-17in<\/span><\/strong><\/td>\n<td><span style=\"color: #000000;\"><strong>2 &#8211; 5 kg<\/strong><\/span><\/td>\n<td rowspan=\"4\">\n<h2><strong><img loading=\"lazy\" decoding=\"async\" src=\"https:\/\/traildog-pet.com\/img\/cms\/-Size-Guide-1_1.jpg\" alt=\"\" width=\"346\" height=\"323\" \/><\/strong><\/h2>\n<\/td>\n<\/tr>\n<tr>\n<td><span style=\"color: #000000;\"><strong>M<\/strong><\/span><\/td>\n<td><strong><span style=\"color: #000000;\">43-56cm\/17-22in<\/span><\/strong><\/td>\n<td><span style=\"color: #000000;\"><strong>4 &#8211; 8 kg<\/strong><\/span><\/td>\n<\/tr>\n<tr>\n<td><span style=\"color: #000000;\"><strong>L<\/strong><\/span><\/td>\n<td><strong><span style=\"color: #000000;\">56-69cm\/22-27in<\/span><\/strong><\/td>\n<td><span style=\"color: #000000;\"><strong>8 &#8211; 16 kg<\/strong><\/span><\/td>\n<\/tr>\n<tr>\n<td><span style=\"color: #000000;\"><strong>XL<\/strong><\/span><\/td>\n<td><strong><span style=\"color: #000000;\">69-81cm\/27-32in<\/span><\/strong><\/td>\n<td><span style=\"color: #000000;\"><strong>16 &#8211; 30 kg<\/strong><\/span><\/td>\n<\/tr>\n<\/tbody>\n<\/table>\n<h3><\/h3>\n<h2><strong>\u00a0\u00a0\u00a0 <\/strong><iframe loading=\"lazy\" src=\"https:\/\/www.youtube.com\/embed\/CeNi2dD4ip8\" width=\"800\" height=\"450\" frameborder=\"0\" data-mce-fragment=\"1\"><\/iframe><\/h2>\n","protected":false},"excerpt":{"rendered":"<p>Arn\u00e9s modelo Sport de TRAILDOG<\/p>\n<p>Arnes antitirones \u00abSLIM FIT SYSTEM\u00bb<\/p>\n<p>Durable, Ergonomico, Confortable<\/p>\n<p>Acolchado y Transpirable<\/p>\n<p>Reforzado y regulable<\/p>\n<p>Materiales reflectantes de gran calidad<\/p>\n<p>Dos puntos de anclaje de la correa.<\/p>\n<p>Disponible en talla S, M, L, XL.<\/p>\n","protected":false},"featured_media":1393,"template":"","meta":{"neve_meta_sidebar":"","neve_meta_container":"","neve_meta_enable_content_width":"off","neve_meta_content_width":100,"neve_meta_title_alignment":"","neve_meta_author_avatar":"","neve_post_elements_order":"","neve_meta_disable_header":"","neve_meta_disable_footer":"","neve_meta_disable_title":""},"product_brand":[],"product_cat":[32,131,116],"product_tag":[],"class_list":{"0":"post-733","1":"product","2":"type-product","3":"status-publish","4":"has-post-thumbnail","6":"product_cat-arneses","7":"product_cat-para-correr","8":"product_cat-sport","10":"first","11":"instock","12":"taxable","13":"shipping-taxable","14":"purchasable","15":"product-type-variable"},"yoast_head":"<!-- This site is optimized with the Yoast SEO plugin v27.4 - https:\/\/yoast.com\/product\/yoast-seo-wordpress\/ -->\n<title>Arnes Sport - Traildog<\/title>\n<meta name=\"robots\" content=\"index, follow, max-snippet:-1, max-image-preview:large, max-video-preview:-1\" \/>\n<link rel=\"canonical\" href=\"https:\/\/traildog-pet.com\/?product=arnes-sport\" \/>\n<meta property=\"og:locale\" content=\"es_ES\" \/>\n<meta property=\"og:type\" content=\"article\" \/>\n<meta property=\"og:title\" content=\"Arnes Sport - Traildog\" \/>\n<meta property=\"og:description\" content=\"Arn\u00e9s modelo Sport de TRAILDOG  Arnes antitirones &quot;SLIM FIT SYSTEM&quot;  Durable, Ergonomico, Confortable  Acolchado y Transpirable  Reforzado y regulable  Materiales reflectantes de gran calidad  Dos puntos de anclaje de la correa.  Disponible en talla S, M, L, XL.\" \/>\n<meta property=\"og:url\" content=\"https:\/\/traildog-pet.com\/?product=arnes-sport\" \/>\n<meta property=\"og:site_name\" content=\"Traildog\" \/>\n<meta property=\"article:publisher\" content=\"https:\/\/www.facebook.com\/traildogpet\" \/>\n<meta property=\"article:modified_time\" content=\"2025-12-28T12:33:20+00:00\" \/>\n<meta property=\"og:image\" content=\"https:\/\/traildog-pet.com\/wp-content\/uploads\/2021\/07\/Sport-Harness-Pink-scaled.jpg\" \/>\n\t<meta property=\"og:image:width\" content=\"2560\" \/>\n\t<meta property=\"og:image:height\" content=\"1711\" \/>\n\t<meta property=\"og:image:type\" content=\"image\/jpeg\" \/>\n<meta name=\"twitter:card\" content=\"summary_large_image\" \/>\n<meta name=\"twitter:label1\" content=\"Tiempo de lectura\" \/>\n\t<meta name=\"twitter:data1\" content=\"2 minutos\" \/>\n<script type=\"application\/ld+json\" class=\"yoast-schema-graph\">{\"@context\":\"https:\\\/\\\/schema.org\",\"@graph\":[{\"@type\":\"WebPage\",\"@id\":\"https:\\\/\\\/traildog-pet.com\\\/?product=arnes-sport\",\"url\":\"https:\\\/\\\/traildog-pet.com\\\/?product=arnes-sport\",\"name\":\"Arnes Sport - Traildog\",\"isPartOf\":{\"@id\":\"https:\\\/\\\/traildog-pet.com\\\/#website\"},\"primaryImageOfPage\":{\"@id\":\"https:\\\/\\\/traildog-pet.com\\\/?product=arnes-sport#primaryimage\"},\"image\":{\"@id\":\"https:\\\/\\\/traildog-pet.com\\\/?product=arnes-sport#primaryimage\"},\"thumbnailUrl\":\"https:\\\/\\\/traildog-pet.com\\\/wp-content\\\/uploads\\\/2021\\\/07\\\/Sport-Harness-Pink-scaled.jpg\",\"datePublished\":\"2021-07-06T14:02:35+00:00\",\"dateModified\":\"2025-12-28T12:33:20+00:00\",\"breadcrumb\":{\"@id\":\"https:\\\/\\\/traildog-pet.com\\\/?product=arnes-sport#breadcrumb\"},\"inLanguage\":\"es\",\"potentialAction\":[{\"@type\":\"ReadAction\",\"target\":[\"https:\\\/\\\/traildog-pet.com\\\/?product=arnes-sport\"]}]},{\"@type\":\"ImageObject\",\"inLanguage\":\"es\",\"@id\":\"https:\\\/\\\/traildog-pet.com\\\/?product=arnes-sport#primaryimage\",\"url\":\"https:\\\/\\\/traildog-pet.com\\\/wp-content\\\/uploads\\\/2021\\\/07\\\/Sport-Harness-Pink-scaled.jpg\",\"contentUrl\":\"https:\\\/\\\/traildog-pet.com\\\/wp-content\\\/uploads\\\/2021\\\/07\\\/Sport-Harness-Pink-scaled.jpg\",\"width\":2560,\"height\":1711},{\"@type\":\"BreadcrumbList\",\"@id\":\"https:\\\/\\\/traildog-pet.com\\\/?product=arnes-sport#breadcrumb\",\"itemListElement\":[{\"@type\":\"ListItem\",\"position\":1,\"name\":\"Portada\",\"item\":\"https:\\\/\\\/traildog-pet.com\\\/\"},{\"@type\":\"ListItem\",\"position\":2,\"name\":\"Tienda\",\"item\":\"https:\\\/\\\/traildog-pet.com\\\/?page_id=6\"},{\"@type\":\"ListItem\",\"position\":3,\"name\":\"Arnes Sport\"}]},{\"@type\":\"WebSite\",\"@id\":\"https:\\\/\\\/traildog-pet.com\\\/#website\",\"url\":\"https:\\\/\\\/traildog-pet.com\\\/\",\"name\":\"Traildog\",\"description\":\"Traildog\",\"publisher\":{\"@id\":\"https:\\\/\\\/traildog-pet.com\\\/#organization\"},\"alternateName\":\"Equipamiento para el sector del mundo canino.\",\"potentialAction\":[{\"@type\":\"SearchAction\",\"target\":{\"@type\":\"EntryPoint\",\"urlTemplate\":\"https:\\\/\\\/traildog-pet.com\\\/?s={search_term_string}\"},\"query-input\":{\"@type\":\"PropertyValueSpecification\",\"valueRequired\":true,\"valueName\":\"search_term_string\"}}],\"inLanguage\":\"es\"},{\"@type\":\"Organization\",\"@id\":\"https:\\\/\\\/traildog-pet.com\\\/#organization\",\"name\":\"Traildog Pet Products\",\"alternateName\":\"Venta de accesorios para las mascotas, esclusivos para profesionales(Tiendas, Adiestradores, Educadores y Clinicas veterinarias.)\",\"url\":\"https:\\\/\\\/traildog-pet.com\\\/\",\"logo\":{\"@type\":\"ImageObject\",\"inLanguage\":\"es\",\"@id\":\"https:\\\/\\\/traildog-pet.com\\\/#\\\/schema\\\/logo\\\/image\\\/\",\"url\":\"https:\\\/\\\/traildog-pet.com\\\/wp-content\\\/uploads\\\/2022\\\/11\\\/TrailDog2.3.jpg\",\"contentUrl\":\"https:\\\/\\\/traildog-pet.com\\\/wp-content\\\/uploads\\\/2022\\\/11\\\/TrailDog2.3.jpg\",\"width\":596,\"height\":113,\"caption\":\"Traildog Pet Products\"},\"image\":{\"@id\":\"https:\\\/\\\/traildog-pet.com\\\/#\\\/schema\\\/logo\\\/image\\\/\"},\"sameAs\":[\"https:\\\/\\\/www.facebook.com\\\/traildogpet\",\"https:\\\/\\\/www.linkedin.com\\\/traildogPetProducts\"]}]}<\/script>\n<!-- \/ Yoast SEO plugin. -->","yoast_head_json":{"title":"Arnes Sport - Traildog","robots":{"index":"index","follow":"follow","max-snippet":"max-snippet:-1","max-image-preview":"max-image-preview:large","max-video-preview":"max-video-preview:-1"},"canonical":"https:\/\/traildog-pet.com\/?product=arnes-sport","og_locale":"es_ES","og_type":"article","og_title":"Arnes Sport - Traildog","og_description":"Arn\u00e9s modelo Sport de TRAILDOG  Arnes antitirones \"SLIM FIT SYSTEM\"  Durable, Ergonomico, Confortable  Acolchado y Transpirable  Reforzado y regulable  Materiales reflectantes de gran calidad  Dos puntos de anclaje de la correa.  Disponible en talla S, M, L, XL.","og_url":"https:\/\/traildog-pet.com\/?product=arnes-sport","og_site_name":"Traildog","article_publisher":"https:\/\/www.facebook.com\/traildogpet","article_modified_time":"2025-12-28T12:33:20+00:00","og_image":[{"width":2560,"height":1711,"url":"https:\/\/traildog-pet.com\/wp-content\/uploads\/2021\/07\/Sport-Harness-Pink-scaled.jpg","type":"image\/jpeg"}],"twitter_card":"summary_large_image","twitter_misc":{"Tiempo de lectura":"2 minutos"},"schema":{"@context":"https:\/\/schema.org","@graph":[{"@type":"WebPage","@id":"https:\/\/traildog-pet.com\/?product=arnes-sport","url":"https:\/\/traildog-pet.com\/?product=arnes-sport","name":"Arnes Sport - Traildog","isPartOf":{"@id":"https:\/\/traildog-pet.com\/#website"},"primaryImageOfPage":{"@id":"https:\/\/traildog-pet.com\/?product=arnes-sport#primaryimage"},"image":{"@id":"https:\/\/traildog-pet.com\/?product=arnes-sport#primaryimage"},"thumbnailUrl":"https:\/\/traildog-pet.com\/wp-content\/uploads\/2021\/07\/Sport-Harness-Pink-scaled.jpg","datePublished":"2021-07-06T14:02:35+00:00","dateModified":"2025-12-28T12:33:20+00:00","breadcrumb":{"@id":"https:\/\/traildog-pet.com\/?product=arnes-sport#breadcrumb"},"inLanguage":"es","potentialAction":[{"@type":"ReadAction","target":["https:\/\/traildog-pet.com\/?product=arnes-sport"]}]},{"@type":"ImageObject","inLanguage":"es","@id":"https:\/\/traildog-pet.com\/?product=arnes-sport#primaryimage","url":"https:\/\/traildog-pet.com\/wp-content\/uploads\/2021\/07\/Sport-Harness-Pink-scaled.jpg","contentUrl":"https:\/\/traildog-pet.com\/wp-content\/uploads\/2021\/07\/Sport-Harness-Pink-scaled.jpg","width":2560,"height":1711},{"@type":"BreadcrumbList","@id":"https:\/\/traildog-pet.com\/?product=arnes-sport#breadcrumb","itemListElement":[{"@type":"ListItem","position":1,"name":"Portada","item":"https:\/\/traildog-pet.com\/"},{"@type":"ListItem","position":2,"name":"Tienda","item":"https:\/\/traildog-pet.com\/?page_id=6"},{"@type":"ListItem","position":3,"name":"Arnes Sport"}]},{"@type":"WebSite","@id":"https:\/\/traildog-pet.com\/#website","url":"https:\/\/traildog-pet.com\/","name":"Traildog","description":"Traildog","publisher":{"@id":"https:\/\/traildog-pet.com\/#organization"},"alternateName":"Equipamiento para el sector del mundo canino.","potentialAction":[{"@type":"SearchAction","target":{"@type":"EntryPoint","urlTemplate":"https:\/\/traildog-pet.com\/?s={search_term_string}"},"query-input":{"@type":"PropertyValueSpecification","valueRequired":true,"valueName":"search_term_string"}}],"inLanguage":"es"},{"@type":"Organization","@id":"https:\/\/traildog-pet.com\/#organization","name":"Traildog Pet Products","alternateName":"Venta de accesorios para las mascotas, esclusivos para profesionales(Tiendas, Adiestradores, Educadores y Clinicas veterinarias.)","url":"https:\/\/traildog-pet.com\/","logo":{"@type":"ImageObject","inLanguage":"es","@id":"https:\/\/traildog-pet.com\/#\/schema\/logo\/image\/","url":"https:\/\/traildog-pet.com\/wp-content\/uploads\/2022\/11\/TrailDog2.3.jpg","contentUrl":"https:\/\/traildog-pet.com\/wp-content\/uploads\/2022\/11\/TrailDog2.3.jpg","width":596,"height":113,"caption":"Traildog Pet Products"},"image":{"@id":"https:\/\/traildog-pet.com\/#\/schema\/logo\/image\/"},"sameAs":["https:\/\/www.facebook.com\/traildogpet","https:\/\/www.linkedin.com\/traildogPetProducts"]}]}},"_links":{"self":[{"href":"https:\/\/traildog-pet.com\/index.php?rest_route=\/wp\/v2\/product\/733","targetHints":{"allow":["GET"]}}],"collection":[{"href":"https:\/\/traildog-pet.com\/index.php?rest_route=\/wp\/v2\/product"}],"about":[{"href":"https:\/\/traildog-pet.com\/index.php?rest_route=\/wp\/v2\/types\/product"}],"wp:featuredmedia":[{"embeddable":true,"href":"https:\/\/traildog-pet.com\/index.php?rest_route=\/wp\/v2\/media\/1393"}],"wp:attachment":[{"href":"https:\/\/traildog-pet.com\/index.php?rest_route=%2Fwp%2Fv2%2Fmedia&parent=733"}],"wp:term":[{"taxonomy":"product_brand","embeddable":true,"href":"https:\/\/traildog-pet.com\/index.php?rest_route=%2Fwp%2Fv2%2Fproduct_brand&post=733"},{"taxonomy":"product_cat","embeddable":true,"href":"https:\/\/traildog-pet.com\/index.php?rest_route=%2Fwp%2Fv2%2Fproduct_cat&post=733"},{"taxonomy":"product_tag","embeddable":true,"href":"https:\/\/traildog-pet.com\/index.php?rest_route=%2Fwp%2Fv2%2Fproduct_tag&post=733"}],"curies":[{"name":"wp","href":"https:\/\/api.w.org\/{rel}","templated":true}]}}